{"id":71,"date":"2022-11-08T09:16:39","date_gmt":"2022-11-08T08:16:39","guid":{"rendered":"https:\/\/serafin-renov.fr\/?page_id=71"},"modified":"2024-05-03T11:22:02","modified_gmt":"2024-05-03T09:22:02","slug":"les-societes-de-tiers-financement","status":"publish","type":"page","link":"https:\/\/serafin-renov.fr\/index.php\/qui-sommes-nous\/les-societes-de-tiers-financement\/","title":{"rendered":"LES SOCIETES DE TIERS-FINANCEMENT"},"content":{"rendered":"<p>[et_pb_section fb_built=\u00a0\u00bb1&Prime; _builder_version=\u00a0\u00bb4.18.0&Prime; _module_preset=\u00a0\u00bbdefault\u00a0\u00bb global_colors_info=\u00a0\u00bb{}\u00a0\u00bb][et_pb_row _builder_version=\u00a0\u00bb4.18.0&Prime; _module_preset=\u00a0\u00bbdefault\u00a0\u00bb custom_margin=\u00a0\u00bb-60px||||false|false\u00a0\u00bb border_width_left=\u00a0\u00bb2px\u00a0\u00bb border_color_left=\u00a0\u00bb#ea5045&Prime; global_colors_info=\u00a0\u00bb{}\u00a0\u00bb][et_pb_column type=\u00a0\u00bb4_4&Prime; _builder_version=\u00a0\u00bb4.18.0&Prime; _module_preset=\u00a0\u00bbdefault\u00a0\u00bb global_colors_info=\u00a0\u00bb{}\u00a0\u00bb][et_pb_text _builder_version=\u00a0\u00bb4.25.0&Prime; _module_preset=\u00a0\u00bbdefault\u00a0\u00bb header_font=\u00a0\u00bbOswald|300|||||||\u00a0\u00bb header_text_color=\u00a0\u00bb#000000&Prime; header_font_size=\u00a0\u00bb100px\u00a0\u00bb custom_margin=\u00a0\u00bb30px||-10px|20px|false|false\u00a0\u00bb hover_enabled=\u00a0\u00bb0&Prime; header_text_align_tablet=\u00a0\u00bb\u00a0\u00bb header_text_align_phone=\u00a0\u00bbleft\u00a0\u00bb header_text_align_last_edited=\u00a0\u00bbon|phone\u00a0\u00bb header_font_size_tablet=\u00a0\u00bb40px\u00a0\u00bb header_font_size_phone=\u00a0\u00bb25px\u00a0\u00bb header_font_size_last_edited=\u00a0\u00bbon|tablet\u00a0\u00bb global_colors_info=\u00a0\u00bb{}\u00a0\u00bb sticky_enabled=\u00a0\u00bb0&Prime;]<\/p>\n<div class=\"et_pb_module et_pb_text et_pb_text_0  et_pb_text_align_left et_pb_bg_layout_light\">\n<div class=\"et_pb_text_inner\">\n<h2 style=\"text-align: justify;\">Qu\u2019est-ce qu\u2019une Soci\u00e9t\u00e9 de Tiers-Financement, selon le code de la construction et de l\u2019habitation ?<\/h2>\n<\/div>\n<\/div>\n<p>[\/et_pb_text][et_pb_text _builder_version=\u00a0\u00bb4.18.0&Prime; _module_preset=\u00a0\u00bbdefault\u00a0\u00bb custom_margin=\u00a0\u00bb19px|||48px|false|false\u00a0\u00bb global_colors_info=\u00a0\u00bb{}\u00a0\u00bb]<\/p>\n<h4 style=\"text-align: justify;\"><\/h4>\n<p style=\"text-align: justify;\">Les Soci\u00e9t\u00e9s de Tiers-Financement, d\u00e9finies par les articles L. 381-1 et suivants du code de la construction et de l&rsquo;habitation, sont des ensembliers, mis en place sur initiative de Conseils R\u00e9gionaux et de M\u00e9tropoles, qui visent \u00e0 rendre la r\u00e9novation \u00e9nerg\u00e9tique performante simple et accessible \u00e0 tous. Elles contribuent \u00e9galement \u00e0 la mont\u00e9e en comp\u00e9tences des TPE\/PME du BTP.<\/p>\n<p style=\"text-align: justify;\">Le statut l\u00e9gislatif des soci\u00e9t\u00e9s de tiers-financement leur permet de proposer un accompagnement technico-\u00e9conomique \u00e0 des propri\u00e9taires individuels et des copropri\u00e9t\u00e9s, adapt\u00e9 aux caract\u00e9ristiques de chaque territoire et au contexte du march\u00e9 : audit, sc\u00e9narios de travaux, plan de financement, choix des entreprises, suivi du chantier, des consommations, etc. Bas\u00e9es sur une relation de confiance et d\u2019int\u00e9r\u00eat g\u00e9n\u00e9ral, leurs missions peuvent ainsi \u00eatre celles d\u2019Assistant \u00e0 Ma\u00eetre d\u2019Ouvrage, Ma\u00eetre d\u2019\u0152uvre, Ma\u00eetre d\u2019Ouvrage d\u00e9l\u00e9gu\u00e9 ou Contractant g\u00e9n\u00e9ral.<\/p>\n<p style=\"text-align: justify;\">En compl\u00e9ment de l\u2019offre technique, les soci\u00e9t\u00e9s de tiers-financement fournissent au ma\u00eetre d\u2019ouvrage une prestation de financement du projet de r\u00e9novation, soit en les finan\u00e7ant directement (par exception au monopole bancaire dont elles peuvent b\u00e9n\u00e9ficier), soit indirectement gr\u00e2ce \u00e0 un statut d\u2019interm\u00e9diaire en op\u00e9rations de banque (courtage).<\/p>\n<p style=\"text-align: justify;\">Leur offre de financement permet de concr\u00e9tiser le projet de r\u00e9novation performante en mettant en \u0153uvre des solutions de financement adapt\u00e9es aux besoins des m\u00e9nages :<\/p>\n<ul style=\"text-align: justify;\">\n<li style=\"text-align: justify;\">pr\u00e9financement des subventions et \u00e0 des pr\u00eats ;<\/li>\n<li style=\"text-align: justify;\">prise en compte des \u00e9conomies d&rsquo;\u00e9nergie g\u00e9n\u00e9r\u00e9es par les travaux dans le plan de financement, &#8211; \u00e9talement des dur\u00e9es de remboursement (15 \u00e0 25 ans selon les travaux) ;<\/li>\n<li style=\"text-align: justify;\">pr\u00eats collectifs aux copropri\u00e9t\u00e9s aujourd\u2019hui peu distribu\u00e9s par le secteur bancaire.<\/li>\n<\/ul>\n<p style=\"text-align: justify;\">L\u2019objectif des Soci\u00e9t\u00e9s de Tiers-Financement est ainsi de maximiser les gains \u00e9nerg\u00e9tiques, en se fondant sur le \u201creste \u00e0 vivre\u201d et les \u00e9conomies d\u2019\u00e9nergie pour \u00e9valuer la capacit\u00e9 de remboursement des m\u00e9nages et fixer la limite du budget des travaux r\u00e9alisables. Cela entra\u00eene des choix techniques plus ambitieux que lorsque l\u2019objectif est de maximiser les subventions pour diminuer le budget des travaux restant \u00e0 la charge des propri\u00e9taires.<\/p>\n<p>[\/et_pb_text][\/et_pb_column][\/et_pb_row][\/et_pb_section]<\/p>\n","protected":false},"excerpt":{"rendered":"<p>Qu\u2019est-ce qu\u2019une Soci\u00e9t\u00e9 de Tiers-Financement, selon le code de la construction et de l\u2019habitation ? Les Soci\u00e9t\u00e9s de Tiers-Financement, d\u00e9finies par les articles L. 381-1 et suivants du code de la construction et de l&rsquo;habitation, sont des ensembliers, mis en place sur initiative de Conseils R\u00e9gionaux et de M\u00e9tropoles, qui visent \u00e0 rendre la r\u00e9novation [&hellip;]<\/p>\n","protected":false},"author":1,"featured_media":0,"parent":143,"menu_order":0,"comment_status":"closed","ping_status":"closed","template":"","meta":{"_et_pb_use_builder":"on","_et_pb_old_content":"","_et_gb_content_width":"","footnotes":""},"class_list":["post-71","page","type-page","status-publish","hentry"],"_links":{"self":[{"href":"https:\/\/serafin-renov.fr\/index.php\/wp-json\/wp\/v2\/pages\/71","targetHints":{"allow":["GET"]}}],"collection":[{"href":"https:\/\/serafin-renov.fr\/index.php\/wp-json\/wp\/v2\/pages"}],"about":[{"href":"https:\/\/serafin-renov.fr\/index.php\/wp-json\/wp\/v2\/types\/page"}],"author":[{"embeddable":true,"href":"https:\/\/serafin-renov.fr\/index.php\/wp-json\/wp\/v2\/users\/1"}],"replies":[{"embeddable":true,"href":"https:\/\/serafin-renov.fr\/index.php\/wp-json\/wp\/v2\/comments?post=71"}],"version-history":[{"count":9,"href":"https:\/\/serafin-renov.fr\/index.php\/wp-json\/wp\/v2\/pages\/71\/revisions"}],"predecessor-version":[{"id":1112,"href":"https:\/\/serafin-renov.fr\/index.php\/wp-json\/wp\/v2\/pages\/71\/revisions\/1112"}],"up":[{"embeddable":true,"href":"https:\/\/serafin-renov.fr\/index.php\/wp-json\/wp\/v2\/pages\/143"}],"wp:attachment":[{"href":"https:\/\/serafin-renov.fr\/index.php\/wp-json\/wp\/v2\/media?parent=71"}],"curies":[{"name":"wp","href":"https:\/\/api.w.org\/{rel}","templated":true}]}}